{"id":71544,"date":"2026-02-26T20:37:07","date_gmt":"2026-02-26T20:37:07","guid":{"rendered":"https:\/\/www.servicioecoambiente.com\/?page_id=71544"},"modified":"2026-02-27T19:59:51","modified_gmt":"2026-02-27T19:59:51","slug":"trituradora-forestal","status":"publish","type":"page","link":"https:\/\/www.servicioecoambiente.com\/?page_id=71544","title":{"rendered":"Trituradora Forestal"},"content":{"rendered":"<p>[et_pb_section fb_built=\u00bb1&#8243; next_background_color=\u00bb#ffffff\u00bb _builder_version=\u00bb4.20.2&#8243; _module_preset=\u00bbdefault\u00bb background_color=\u00bb#f1f6ea\u00bb custom_padding=\u00bb||81px|||\u00bb bottom_divider_style=\u00bbarrow2&#8243; global_colors_info=\u00bb{}\u00bb][et_pb_row _builder_version=\u00bb4.20.2&#8243; _module_preset=\u00bbdefault\u00bb custom_margin=\u00bb85px|auto||auto||\u00bb global_colors_info=\u00bb{}\u00bb][et_pb_column type=\u00bb4_4&#8243; _builder_version=\u00bb4.20.2&#8243; _module_preset=\u00bbdefault\u00bb global_colors_info=\u00bb{}\u00bb][et_pb_text _builder_version=\u00bb4.27.5&#8243; _module_preset=\u00bbdefault\u00bb text_text_color=\u00bb#FFFFFF\u00bb header_2_font=\u00bbAbel|700|||||||\u00bb header_2_text_align=\u00bbcenter\u00bb header_2_text_color=\u00bb#009343&#8243; header_2_font_size=\u00bb45px\u00bb text_orientation=\u00bbcenter\u00bb background_layout=\u00bbdark\u00bb global_colors_info=\u00bb{}\u00bb]<\/p>\n<h2>Trituradora Forestal<\/h2>\n<p>[\/et_pb_text][dipl_breadcrumb breadcrumb_layout=\u00bblayout2&#8243; separator_type=\u00bbicon_separator\u00bb use_home_link_custom_text=\u00bbon\u00bb home_link_text=\u00bbInicio\u00bb _builder_version=\u00bb4.20.2&#8243; _module_preset=\u00bbdefault\u00bb global_text_settings_text_align=\u00bbcenter\u00bb global_text_settings_font_size=\u00bb17px\u00bb text_font=\u00bbAbel||||||||\u00bb text_text_color=\u00bb#000000&#8243; global_colors_info=\u00bb{}\u00bb][\/dipl_breadcrumb][\/et_pb_column][\/et_pb_row][\/et_pb_section][et_pb_section fb_built=\u00bb1&#8243; _builder_version=\u00bb4.20.2&#8243; _module_preset=\u00bbdefault\u00bb global_colors_info=\u00bb{}\u00bb][et_pb_row _builder_version=\u00bb4.20.2&#8243; _module_preset=\u00bbdefault\u00bb global_colors_info=\u00bb{}\u00bb][et_pb_column type=\u00bb4_4&#8243; _builder_version=\u00bb4.20.2&#8243; _module_preset=\u00bbdefault\u00bb global_colors_info=\u00bb{}\u00bb][dipl_separator separator_type=\u00bbdipl_shadow\u00bb separator_color=\u00bb#3da81c\u00bb _builder_version=\u00bb4.27.5&#8243; _module_preset=\u00bbdefault\u00bb global_colors_info=\u00bb{}\u00bb][\/dipl_separator][et_pb_text _builder_version=\u00bb4.27.5&#8243; _module_preset=\u00bbdefault\u00bb text_orientation=\u00bbcenter\u00bb global_colors_info=\u00bb{}\u00bb]<\/p>\n<p class=\"my-2 [&amp;+p]:mt-4 [&amp;_strong:has(+br)]:inline-block [&amp;_strong:has(+br)]:pb-2\">Realizamos desmalezamientos en general, adapt\u00e1ndonos a distintos tipos de terreno y necesidades.<br \/>Nuestro principal diferencial es que chipeamos todo el material resultante, evitando la acumulaci\u00f3n de residuos y sin da\u00f1ar ni remover la capa vegetal del suelo. Esto permite una intervenci\u00f3n m\u00e1s limpia, sustentable y eficiente.<br \/>El rendimiento del trabajo depende de las caracter\u00edsticas espec\u00edficas del lugar (extensi\u00f3n, tipo de vegetaci\u00f3n, accesibilidad, etc.), por lo que evaluamos cada caso de manera personalizada.<br \/>Estamos ubicados en Sauce, Canelones, y brindamos servicios en todo el pa\u00eds.<\/p>\n<p>[\/et_pb_text][\/et_pb_column][\/et_pb_row][et_pb_row _builder_version=\u00bb4.27.5&#8243; _module_preset=\u00bbdefault\u00bb custom_margin=\u00bb|auto|152px|auto||\u00bb global_colors_info=\u00bb{}\u00bb][et_pb_column type=\u00bb4_4&#8243; _builder_version=\u00bb4.27.5&#8243; _module_preset=\u00bbdefault\u00bb global_colors_info=\u00bb{}\u00bb][dipl_separator separator_type=\u00bbdipl_shadow\u00bb separator_color=\u00bb#3da81c\u00bb _builder_version=\u00bb4.27.5&#8243; _module_preset=\u00bbdefault\u00bb global_colors_info=\u00bb{}\u00bb][\/dipl_separator][\/et_pb_column][\/et_pb_row][et_pb_row _builder_version=\u00bb4.27.6&#8243; _module_preset=\u00bbdefault\u00bb][et_pb_column _builder_version=\u00bb4.27.6&#8243; _module_preset=\u00bbdefault\u00bb type=\u00bb4_4&#8243;][et_pb_image src=\u00bbhttps:\/\/www.servicioecoambiente.com\/wp-content\/uploads\/2026\/02\/trituradora.webp\u00bb _builder_version=\u00bb4.27.6&#8243; _module_preset=\u00bbdefault\u00bb title_text=\u00bbtrituradora\u00bb show_in_lightbox=\u00bbon\u00bb box_shadow_style=\u00bbpreset3&#8243; hover_enabled=\u00bb0&#8243; sticky_enabled=\u00bb0&#8243;][\/et_pb_image][\/et_pb_column][\/et_pb_row][\/et_pb_section]<\/p>\n","protected":false},"excerpt":{"rendered":"<p>Trituradora Forestal<div class=\"et_pb_module dipl_breadcrumb dipl_breadcrumb_0\">\n\t\t\t\t\n\t\t\t\t\n\t\t\t\t\n\t\t\t\t\n\t\t\t\t\n\t\t\t\t\n\t\t\t\t<div class=\"et_pb_module_inner\">\n\t\t\t\t\t<div class=\"dipl-breadcrumb-wrapper layout2\">\n\t\t\t\t<ol class=\"dipl-breadcrumb-inner\" vocab=\"https:\/\/schema.org\/\" typeof=\"BreadcrumbList\">\n\t\t\t\t\t<li property=\"itemListElement\" typeof=\"ListItem\" data-icon=\"&#x24;\">\n\t\t\t\t\t\t\t\t<a class=\"breadcrumb-item dipl-home-page\" href=\"https:\/\/www.servicioecoambiente.com\" property=\"item\" typeof=\"WebPage\" >\n\t\t\t\t\t\t\t\t\t<span class=\"breadcrumb-page\" property=\"name\">Inicio<\/span>\n\t\t\t\t\t\t\t\t<\/a>\n\t\t\t\t\t\t\t\t<meta property=\"position\" content=\"1\" \/>\n\t\t\t\t\t\t\t<\/li>\n\t\t\t\t<\/ol>\n\t\t\t<\/div>\n\t\t\t\t<\/div>\n\t\t\t<\/div><div class=\"et_pb_module dipl_separator dipl_separator_0\">\n\t\t\t\t\n\t\t\t\t\n\t\t\t\t\n\t\t\t\t\n\t\t\t\t\n\t\t\t\t\n\t\t\t\t<div class=\"et_pb_module_inner\">\n\t\t\t\t\t<div class=\"dipl_shadow\"><\/div>\n\t\t\t\t<\/div>\n\t\t\t<\/div>Realizamos desmalezamientos en general, adapt\u00e1ndonos a distintos tipos de terreno y necesidades.Nuestro principal diferencial es que chipeamos todo el material resultante, evitando la acumulaci\u00f3n de residuos y sin da\u00f1ar ni remover la capa vegetal del suelo. Esto permite [&hellip;]<\/p>\n","protected":false},"author":2,"featured_media":0,"parent":0,"menu_order":0,"comment_status":"closed","ping_status":"closed","template":"","meta":{"_et_pb_use_builder":"on","_et_pb_old_content":"","_et_gb_content_width":"","footnotes":""},"class_list":["post-71544","page","type-page","status-publish","hentry"],"_links":{"self":[{"href":"https:\/\/www.servicioecoambiente.com\/index.php?rest_route=\/wp\/v2\/pages\/71544","targetHints":{"allow":["GET"]}}],"collection":[{"href":"https:\/\/www.servicioecoambiente.com\/index.php?rest_route=\/wp\/v2\/pages"}],"about":[{"href":"https:\/\/www.servicioecoambiente.com\/index.php?rest_route=\/wp\/v2\/types\/page"}],"author":[{"embeddable":true,"href":"https:\/\/www.servicioecoambiente.com\/index.php?rest_route=\/wp\/v2\/users\/2"}],"replies":[{"embeddable":true,"href":"https:\/\/www.servicioecoambiente.com\/index.php?rest_route=%2Fwp%2Fv2%2Fcomments&post=71544"}],"version-history":[{"count":6,"href":"https:\/\/www.servicioecoambiente.com\/index.php?rest_route=\/wp\/v2\/pages\/71544\/revisions"}],"predecessor-version":[{"id":71558,"href":"https:\/\/www.servicioecoambiente.com\/index.php?rest_route=\/wp\/v2\/pages\/71544\/revisions\/71558"}],"wp:attachment":[{"href":"https:\/\/www.servicioecoambiente.com\/index.php?rest_route=%2Fwp%2Fv2%2Fmedia&parent=71544"}],"curies":[{"name":"wp","href":"https:\/\/api.w.org\/{rel}","templated":true}]}}