{"id":71515,"date":"2026-02-25T14:30:58","date_gmt":"2026-02-25T14:30:58","guid":{"rendered":"https:\/\/www.servicioecoambiente.com\/?page_id=71515"},"modified":"2026-02-25T19:26:21","modified_gmt":"2026-02-25T19:26:21","slug":"manta-de-cesped","status":"publish","type":"page","link":"https:\/\/www.servicioecoambiente.com\/?page_id=71515","title":{"rendered":"Manta de C\u00e9sped"},"content":{"rendered":"<p>[et_pb_section fb_built=\u00bb1&#8243; next_background_color=\u00bb#ffffff\u00bb _builder_version=\u00bb4.20.2&#8243; _module_preset=\u00bbdefault\u00bb background_color=\u00bb#f1f6ea\u00bb custom_padding=\u00bb||81px|||\u00bb bottom_divider_style=\u00bbarrow2&#8243; global_colors_info=\u00bb{}\u00bb][et_pb_row _builder_version=\u00bb4.20.2&#8243; _module_preset=\u00bbdefault\u00bb custom_margin=\u00bb85px|auto||auto||\u00bb global_colors_info=\u00bb{}\u00bb][et_pb_column type=\u00bb4_4&#8243; _builder_version=\u00bb4.20.2&#8243; _module_preset=\u00bbdefault\u00bb global_colors_info=\u00bb{}\u00bb][et_pb_text _builder_version=\u00bb4.27.5&#8243; _module_preset=\u00bbdefault\u00bb text_text_color=\u00bb#FFFFFF\u00bb header_2_font=\u00bbAbel|700|||||||\u00bb header_2_text_align=\u00bbcenter\u00bb header_2_text_color=\u00bb#009343&#8243; header_2_font_size=\u00bb45px\u00bb text_orientation=\u00bbcenter\u00bb background_layout=\u00bbdark\u00bb hover_enabled=\u00bb0&#8243; global_colors_info=\u00bb{}\u00bb sticky_enabled=\u00bb0&#8243;]<\/p>\n<h2>Manta de C\u00e9sped Natural<\/h2>\n<p>[\/et_pb_text][dipl_breadcrumb breadcrumb_layout=\u00bblayout2&#8243; separator_type=\u00bbicon_separator\u00bb use_home_link_custom_text=\u00bbon\u00bb home_link_text=\u00bbInicio\u00bb _builder_version=\u00bb4.20.2&#8243; _module_preset=\u00bbdefault\u00bb global_text_settings_text_align=\u00bbcenter\u00bb global_text_settings_font_size=\u00bb17px\u00bb text_font=\u00bbAbel||||||||\u00bb text_text_color=\u00bb#000000&#8243; global_colors_info=\u00bb{}\u00bb][\/dipl_breadcrumb][\/et_pb_column][\/et_pb_row][\/et_pb_section][et_pb_section fb_built=\u00bb1&#8243; _builder_version=\u00bb4.20.2&#8243; _module_preset=\u00bbdefault\u00bb global_colors_info=\u00bb{}\u00bb][et_pb_row _builder_version=\u00bb4.20.2&#8243; _module_preset=\u00bbdefault\u00bb global_colors_info=\u00bb{}\u00bb][et_pb_column type=\u00bb4_4&#8243; _builder_version=\u00bb4.20.2&#8243; _module_preset=\u00bbdefault\u00bb global_colors_info=\u00bb{}\u00bb][et_pb_text _builder_version=\u00bb4.27.5&#8243; _module_preset=\u00bbdefault\u00bb text_orientation=\u00bbcenter\u00bb global_colors_info=\u00bb{}\u00bb]<\/p>\n<p class=\"my-2 [&amp;+p]:mt-4 [&amp;_strong:has(+br)]:inline-block [&amp;_strong:has(+br)]:pb-2\">Una<span>\u00a0<\/span><strong>manta de c\u00e9sped de jard\u00edn inteligente<\/strong><span>\u00a0<\/span>es un tipo de manta o rollo para c\u00e9sped que ya viene \u201cpreparado\u201d para crear \u00e1reas verdes de forma r\u00e1pida y controlada.<span class=\"citation-nbsp\"><\/span><span class=\"group\/trigger inline-flex min-w-0\" data-state=\"closed\"><span class=\"citation inline-flex min-w-0\"><\/span><\/span><span class=\"citation-nbsp\"><\/span><span class=\"inline-flex\" aria-label=\"Manta ecol\u00f3gica para jard\u00edn biodegradable con semillas de c\u00e9sped. Turfquick\" data-state=\"closed\"><span class=\"citation inline\" data-pplx-citation=\"\" data-pplx-citation-url=\"https:\/\/www.youtube.com\/watch?v=l9avcOQz1rQ\" rel=\"nofollow noopener\"><\/span>\u200b<\/span><\/p>\n<p class=\"my-2 [&amp;+p]:mt-4 [&amp;_strong:has(+br)]:inline-block [&amp;_strong:has(+br)]:pb-2\">En la pr\u00e1ctica, suele referirse a dos cosas relacionadas:<span class=\"citation-nbsp\"><\/span><span class=\"group\/trigger inline-flex min-w-0\" data-state=\"closed\"><span class=\"citation inline-flex min-w-0\"><\/span><\/span><span class=\"citation-nbsp\"><\/span><span class=\"inline-flex\" aria-label=\"Manta ecol\u00f3gica para jard\u00edn biodegradable con semillas de c\u00e9sped. Turfquick\" data-state=\"closed\"><span class=\"citation inline\" data-pplx-citation=\"\" data-pplx-citation-url=\"https:\/\/www.youtube.com\/watch?v=l9avcOQz1rQ\" rel=\"nofollow noopener\"><\/span>\u200b<\/span><\/p>\n<ol>\n<li class=\"my-2 [&amp;+p]:mt-4 [&amp;_strong:has(+br)]:inline-block [&amp;_strong:has(+br)]:pb-2\">Una manta de c\u00e9sped natural en rollo (c\u00e9sped ya crecido sobre una base), que se coloca sobre el suelo para tener pasto inmediato, uniforme y denso.<span class=\"citation-nbsp\"><\/span><span class=\"inline-flex\" aria-label=\"C\u00e9sped en Rollo Jard\u00edn Inteligente | Manta de C\u00e9sped Natural\" data-state=\"closed\"><span class=\"citation inline\" data-pplx-citation=\"\" data-pplx-citation-url=\"https:\/\/jardininteligente.com\" rel=\"nofollow noopener\"><a rel=\"noopener\" class=\"inline-flex max-w-full min-w-0\" target=\"_blank\" href=\"https:\/\/jardininteligente.com\/\"><\/a><\/span>\u200b<\/span><\/li>\n<li class=\"my-2 [&amp;+p]:mt-4 [&amp;_strong:has(+br)]:inline-block [&amp;_strong:has(+br)]:pb-2\">Una manta biodegradable presembrada con semillas y fertilizantes, que se desenrolla sobre la tierra y facilita la germinaci\u00f3n pareja, reduce erosi\u00f3n y aprovecha mejor el agua.<span class=\"citation-nbsp\"><\/span><span class=\"group\/trigger inline-flex min-w-0\" data-state=\"closed\"><span class=\"citation inline-flex min-w-0\"><\/span><\/span><\/li>\n<\/ol>\n<p class=\"my-2 [&amp;+p]:mt-4 [&amp;_strong:has(+br)]:inline-block [&amp;_strong:has(+br)]:pb-2\">En un<span>\u00a0<\/span><strong>jard\u00edn inteligente<\/strong>, estas mantas se combinan muchas veces con riego inteligente y sensores (humedad de suelo, clima) para automatizar el cuidado del c\u00e9sped y usar menos agua y fertilizantes.<\/p>\n<p>[\/et_pb_text][\/et_pb_column][\/et_pb_row][et_pb_row _builder_version=\u00bb4.27.5&#8243; _module_preset=\u00bbdefault\u00bb global_colors_info=\u00bb{}\u00bb][et_pb_column type=\u00bb4_4&#8243; _builder_version=\u00bb4.27.5&#8243; _module_preset=\u00bbdefault\u00bb global_colors_info=\u00bb{}\u00bb][dipl_separator separator_type=\u00bbdipl_shadow\u00bb separator_color=\u00bb#3da81c\u00bb _builder_version=\u00bb4.27.5&#8243; _module_preset=\u00bbdefault\u00bb global_colors_info=\u00bb{}\u00bb][\/dipl_separator][\/et_pb_column][\/et_pb_row][et_pb_row _builder_version=\u00bb4.20.2&#8243; _module_preset=\u00bbdefault\u00bb global_colors_info=\u00bb{}\u00bb][et_pb_column type=\u00bb4_4&#8243; _builder_version=\u00bb4.20.2&#8243; _module_preset=\u00bbdefault\u00bb global_colors_info=\u00bb{}\u00bb][dipl_text_highlighter highlighter_content=\u00bbVentajas\u00bb post_highlighter_content=\u00bbfrente al c\u00e9sped tradicional\u00bb svg_color=\u00bb#3fa81c\u00bb _builder_version=\u00bb4.27.5&#8243; _module_preset=\u00bbdefault\u00bb global_body_font=\u00bbAbel||||||||\u00bb global_body_text_align=\u00bbcenter\u00bb global_body_font_size=\u00bb34px\u00bb pre_body_font_size=\u00bb20px\u00bb global_colors_info=\u00bb{}\u00bb][\/dipl_text_highlighter][\/et_pb_column][\/et_pb_row][et_pb_row column_structure=\u00bb1_3,1_3,1_3&#8243; _builder_version=\u00bb4.27.5&#8243; _module_preset=\u00bbdefault\u00bb global_colors_info=\u00bb{}\u00bb][et_pb_column type=\u00bb1_3&#8243; _builder_version=\u00bb4.27.5&#8243; _module_preset=\u00bbdefault\u00bb global_colors_info=\u00bb{}\u00bb][et_pb_blurb title=\u00bbInstalaci\u00f3n m\u00e1s r\u00e1pidad y limpia\u00bb use_icon=\u00bbon\u00bb font_icon=\u00bb&#x4e;||divi||400&#8243; icon_color=\u00bb#45b21e\u00bb icon_placement=\u00bbleft\u00bb _builder_version=\u00bb4.27.5&#8243; _module_preset=\u00bbdefault\u00bb global_colors_info=\u00bb{}\u00bb]<\/p>\n<p>No tenes que sembrar, ni aplicar fertilizante ni cubrir con paja. Todo viene listo para colocar.<\/p>\n<p>[\/et_pb_blurb][\/et_pb_column][et_pb_column type=\u00bb1_3&#8243; _builder_version=\u00bb4.27.5&#8243; _module_preset=\u00bbdefault\u00bb global_colors_info=\u00bb{}\u00bb][et_pb_blurb title=\u00bbResultados m\u00e1s uniformes y est\u00e9ticos\u00bb use_icon=\u00bbon\u00bb font_icon=\u00bb&#x4e;||divi||400&#8243; icon_color=\u00bb#45b21e\u00bb icon_placement=\u00bbleft\u00bb _builder_version=\u00bb4.27.5&#8243; _module_preset=\u00bbdefault\u00bb global_colors_info=\u00bb{}\u00bb]<\/p>\n<p>Las semillas quedan fijas en su lugar, evitando espacios vac\u00edos y logransdo una cobertura pareja.<\/p>\n<p>[\/et_pb_blurb][\/et_pb_column][et_pb_column type=\u00bb1_3&#8243; _builder_version=\u00bb4.27.5&#8243; _module_preset=\u00bbdefault\u00bb global_colors_info=\u00bb{}\u00bb][et_pb_blurb title=\u00bbMenor consumo de agua\u00bb use_icon=\u00bbon\u00bb font_icon=\u00bb&#x4e;||divi||400&#8243; icon_color=\u00bb#45b21e\u00bb icon_placement=\u00bbleft\u00bb _builder_version=\u00bb4.27.5&#8243; _module_preset=\u00bbdefault\u00bb global_colors_info=\u00bb{}\u00bb]<\/p>\n<p>Gracias a su capacidad de retenci\u00f3n de humedad, necesit\u00e1s hasta un 40% menos de riego.<\/p>\n<p>[\/et_pb_blurb][\/et_pb_column][\/et_pb_row][et_pb_row column_structure=\u00bb1_3,1_3,1_3&#8243; _builder_version=\u00bb4.27.5&#8243; _module_preset=\u00bbdefault\u00bb global_colors_info=\u00bb{}\u00bb][et_pb_column type=\u00bb1_3&#8243; _builder_version=\u00bb4.27.5&#8243; _module_preset=\u00bbdefault\u00bb global_colors_info=\u00bb{}\u00bb][et_pb_blurb title=\u00bbMenos tiempo, menos mantenimiento\u00bb use_icon=\u00bbon\u00bb font_icon=\u00bb&#x4e;||divi||400&#8243; icon_color=\u00bb#45b21e\u00bb icon_placement=\u00bbleft\u00bb _builder_version=\u00bb4.27.5&#8243; _module_preset=\u00bbdefault\u00bb global_colors_info=\u00bb{}\u00bb]<\/p>\n<p>Con pocos pasos y sin tener experiencia previa t\u00e9nes un jardin en semanas.<\/p>\n<p>[\/et_pb_blurb][\/et_pb_column][et_pb_column type=\u00bb1_3&#8243; _builder_version=\u00bb4.27.5&#8243; _module_preset=\u00bbdefault\u00bb global_colors_info=\u00bb{}\u00bb][\/et_pb_column][et_pb_column type=\u00bb1_3&#8243; _builder_version=\u00bb4.27.5&#8243; _module_preset=\u00bbdefault\u00bb global_colors_info=\u00bb{}\u00bb][et_pb_blurb title=\u00bbCrecimiento garantizado\u00bb use_icon=\u00bbon\u00bb font_icon=\u00bb&#x4e;||divi||400&#8243; icon_color=\u00bb#45b21e\u00bb icon_placement=\u00bbleft\u00bb _builder_version=\u00bb4.27.5&#8243; _module_preset=\u00bbdefault\u00bb global_colors_info=\u00bb{}\u00bb]<\/p>\n<p>En lugares donde el pasto nunca crecio.<\/p>\n<p>[\/et_pb_blurb][\/et_pb_column][\/et_pb_row][et_pb_row _builder_version=\u00bb4.27.5&#8243; _module_preset=\u00bbdefault\u00bb global_colors_info=\u00bb{}\u00bb][et_pb_column type=\u00bb4_4&#8243; _builder_version=\u00bb4.27.5&#8243; _module_preset=\u00bbdefault\u00bb global_colors_info=\u00bb{}\u00bb][dipl_separator separator_type=\u00bbdipl_shadow\u00bb separator_color=\u00bb#3da81c\u00bb _builder_version=\u00bb4.27.5&#8243; _module_preset=\u00bbdefault\u00bb global_colors_info=\u00bb{}\u00bb][\/dipl_separator][\/et_pb_column][\/et_pb_row][et_pb_row _builder_version=\u00bb4.20.2&#8243; _module_preset=\u00bbdefault\u00bb global_colors_info=\u00bb{}\u00bb][et_pb_column type=\u00bb4_4&#8243; _builder_version=\u00bb4.20.2&#8243; _module_preset=\u00bbdefault\u00bb global_colors_info=\u00bb{}\u00bb][et_pb_text _builder_version=\u00bb4.27.5&#8243; _module_preset=\u00bbdefault\u00bb text_orientation=\u00bbcenter\u00bb global_colors_info=\u00bb{}\u00bb]<\/p>\n<p class=\"my-2 [&amp;+p]:mt-4 [&amp;_strong:has(+br)]:inline-block [&amp;_strong:has(+br)]:pb-2\">\n<p class=\"my-2 [&amp;+p]:mt-4 [&amp;_strong:has(+br)]:inline-block [&amp;_strong:has(+br)]:pb-2\">\n<p class=\"my-2 [&amp;+p]:mt-4 [&amp;_strong:has(+br)]:inline-block [&amp;_strong:has(+br)]:pb-2\">La combinaci\u00f3n perfecta entre naturaleza y eficiencia.<\/p>\n<p class=\"my-2 [&amp;+p]:mt-4 [&amp;_strong:has(+br)]:inline-block [&amp;_strong:has(+br)]:pb-2\"><strong>J\u00e1rdin inteligente<\/strong> es una manta de c\u00e9sped 100% natural que se instala de forma rapidad y sencilla y con resultados inmediatos.<\/p>\n<p class=\"my-2 [&amp;+p]:mt-4 [&amp;_strong:has(+br)]:inline-block [&amp;_strong:has(+br)]:pb-2\">Su tecnolog\u00eda permite una adaptaci\u00f3n \u00f3ptima desde al terreno. Un crecimiento uniforme y una cobertura verde desde el primer d\u00eda.<\/p>\n<p class=\"my-2 [&amp;+p]:mt-4 [&amp;_strong:has(+br)]:inline-block [&amp;_strong:has(+br)]:pb-2\">\n<ol>\n<li><strong>F\u00e1cil de colocar<\/strong><\/li>\n<li><strong>Ideal para grandes superficies<\/strong><\/li>\n<li><strong>Menor consumo de agua<\/strong><\/li>\n<li><strong>Mantenimiento m\u00ednimo<\/strong><\/li>\n<\/ol>\n<p>Eleg\u00ed una soluci\u00f3n sustentable, durarera y visualmente impecable.<\/p>\n<p>\u00a0M\u00e1s que c\u00e9sped una forma inteligente de de transformar espacios.<\/p>\n<p>&nbsp;<\/p>\n<p>[\/et_pb_text][\/et_pb_column][\/et_pb_row][et_pb_row _builder_version=\u00bb4.27.5&#8243; _module_preset=\u00bbdefault\u00bb global_colors_info=\u00bb{}\u00bb][et_pb_column type=\u00bb4_4&#8243; _builder_version=\u00bb4.27.5&#8243; _module_preset=\u00bbdefault\u00bb global_colors_info=\u00bb{}\u00bb][dipl_separator separator_type=\u00bbdipl_shadow\u00bb separator_color=\u00bb#3da81c\u00bb _builder_version=\u00bb4.27.5&#8243; _module_preset=\u00bbdefault\u00bb global_colors_info=\u00bb{}\u00bb][\/dipl_separator][\/et_pb_column][\/et_pb_row][et_pb_row _builder_version=\u00bb4.27.5&#8243; _module_preset=\u00bbdefault\u00bb][et_pb_column _builder_version=\u00bb4.27.5&#8243; _module_preset=\u00bbdefault\u00bb type=\u00bb4_4&#8243;][dipl_masonry_gallery _builder_version=\u00bb4.27.5&#8243; _module_preset=\u00bbdefault\u00bb image_ids=\u00bb71537,71538,71539,71540,71541&#8243; enable_lightbox=\u00bbon\u00bb enable_overlay=\u00bbon\u00bb overlay_icon=\u00bb&#x54;||divi||400&#8243; hover_enabled=\u00bb0&#8243; sticky_enabled=\u00bb0&#8243;][\/dipl_masonry_gallery][\/et_pb_column][\/et_pb_row][\/et_pb_section]<\/p>\n","protected":false},"excerpt":{"rendered":"<p>Manta de C\u00e9sped Natural<div class=\"et_pb_module dipl_breadcrumb dipl_breadcrumb_0\">\n\t\t\t\t\n\t\t\t\t\n\t\t\t\t\n\t\t\t\t\n\t\t\t\t\n\t\t\t\t\n\t\t\t\t<div class=\"et_pb_module_inner\">\n\t\t\t\t\t<div class=\"dipl-breadcrumb-wrapper layout2\">\n\t\t\t\t<ol class=\"dipl-breadcrumb-inner\" vocab=\"https:\/\/schema.org\/\" typeof=\"BreadcrumbList\">\n\t\t\t\t\t<li property=\"itemListElement\" typeof=\"ListItem\" data-icon=\"&#x24;\">\n\t\t\t\t\t\t\t\t<a class=\"breadcrumb-item dipl-home-page\" href=\"https:\/\/www.servicioecoambiente.com\" property=\"item\" typeof=\"WebPage\" >\n\t\t\t\t\t\t\t\t\t<span class=\"breadcrumb-page\" property=\"name\">Inicio<\/span>\n\t\t\t\t\t\t\t\t<\/a>\n\t\t\t\t\t\t\t\t<meta property=\"position\" content=\"1\" \/>\n\t\t\t\t\t\t\t<\/li>\n\t\t\t\t<\/ol>\n\t\t\t<\/div>\n\t\t\t\t<\/div>\n\t\t\t<\/div>Una\u00a0manta de c\u00e9sped de jard\u00edn inteligente\u00a0es un tipo de manta o rollo para c\u00e9sped que ya viene \u201cpreparado\u201d para crear \u00e1reas verdes de forma r\u00e1pida y controlada.\u200b En la pr\u00e1ctica, suele referirse a dos cosas relacionadas:\u200b Una manta de c\u00e9sped natural [&hellip;]<\/p>\n","protected":false},"author":2,"featured_media":0,"parent":0,"menu_order":0,"comment_status":"closed","ping_status":"closed","template":"","meta":{"_et_pb_use_builder":"on","_et_pb_old_content":"","_et_gb_content_width":"","footnotes":""},"class_list":["post-71515","page","type-page","status-publish","hentry"],"_links":{"self":[{"href":"https:\/\/www.servicioecoambiente.com\/index.php?rest_route=\/wp\/v2\/pages\/71515","targetHints":{"allow":["GET"]}}],"collection":[{"href":"https:\/\/www.servicioecoambiente.com\/index.php?rest_route=\/wp\/v2\/pages"}],"about":[{"href":"https:\/\/www.servicioecoambiente.com\/index.php?rest_route=\/wp\/v2\/types\/page"}],"author":[{"embeddable":true,"href":"https:\/\/www.servicioecoambiente.com\/index.php?rest_route=\/wp\/v2\/users\/2"}],"replies":[{"embeddable":true,"href":"https:\/\/www.servicioecoambiente.com\/index.php?rest_route=%2Fwp%2Fv2%2Fcomments&post=71515"}],"version-history":[{"count":10,"href":"https:\/\/www.servicioecoambiente.com\/index.php?rest_route=\/wp\/v2\/pages\/71515\/revisions"}],"predecessor-version":[{"id":71542,"href":"https:\/\/www.servicioecoambiente.com\/index.php?rest_route=\/wp\/v2\/pages\/71515\/revisions\/71542"}],"wp:attachment":[{"href":"https:\/\/www.servicioecoambiente.com\/index.php?rest_route=%2Fwp%2Fv2%2Fmedia&parent=71515"}],"curies":[{"name":"wp","href":"https:\/\/api.w.org\/{rel}","templated":true}]}}