{"id":71408,"date":"2023-03-24T16:42:58","date_gmt":"2023-03-24T16:42:58","guid":{"rendered":"https:\/\/www.servicioecoambiente.com\/?page_id=71408"},"modified":"2023-05-25T22:18:40","modified_gmt":"2023-05-25T22:18:40","slug":"mantenimiento-de-rutas-nacionales","status":"publish","type":"page","link":"https:\/\/www.servicioecoambiente.com\/?page_id=71408","title":{"rendered":"Mantenimiento de rutas nacionales"},"content":{"rendered":"<p>[et_pb_section fb_built=\u00bb1&#8243; next_background_color=\u00bb#ffffff\u00bb _builder_version=\u00bb4.20.2&#8243; _module_preset=\u00bbdefault\u00bb background_color=\u00bb#f1f6ea\u00bb custom_padding=\u00bb||81px|||\u00bb bottom_divider_style=\u00bbarrow2&#8243; global_colors_info=\u00bb{}\u00bb][et_pb_row _builder_version=\u00bb4.20.2&#8243; _module_preset=\u00bbdefault\u00bb custom_margin=\u00bb85px|auto||auto||\u00bb global_colors_info=\u00bb{}\u00bb][et_pb_column type=\u00bb4_4&#8243; _builder_version=\u00bb4.20.2&#8243; _module_preset=\u00bbdefault\u00bb global_colors_info=\u00bb{}\u00bb][et_pb_text _builder_version=\u00bb4.20.2&#8243; _module_preset=\u00bbdefault\u00bb text_text_color=\u00bb#FFFFFF\u00bb header_2_font=\u00bbAbel|700|||||||\u00bb header_2_text_align=\u00bbcenter\u00bb header_2_text_color=\u00bb#009343&#8243; header_2_font_size=\u00bb45px\u00bb text_orientation=\u00bbcenter\u00bb background_layout=\u00bbdark\u00bb global_colors_info=\u00bb{}\u00bb]<\/p>\n<h2>Mantenimiento de rutas nacionales<\/h2>\n<p>[\/et_pb_text][dipl_breadcrumb breadcrumb_layout=\u00bblayout2&#8243; separator_type=\u00bbicon_separator\u00bb use_home_link_custom_text=\u00bbon\u00bb home_link_text=\u00bbInicio\u00bb _builder_version=\u00bb4.20.2&#8243; _module_preset=\u00bbdefault\u00bb global_text_settings_text_align=\u00bbcenter\u00bb global_text_settings_font_size=\u00bb17px\u00bb text_font=\u00bbAbel||||||||\u00bb text_text_color=\u00bb#000000&#8243; global_colors_info=\u00bb{}\u00bb][\/dipl_breadcrumb][\/et_pb_column][\/et_pb_row][\/et_pb_section][et_pb_section fb_built=\u00bb1&#8243; _builder_version=\u00bb4.20.2&#8243; _module_preset=\u00bbdefault\u00bb global_colors_info=\u00bb{}\u00bb][et_pb_row _builder_version=\u00bb4.20.2&#8243; _module_preset=\u00bbdefault\u00bb global_colors_info=\u00bb{}\u00bb][et_pb_column type=\u00bb4_4&#8243; _builder_version=\u00bb4.20.2&#8243; _module_preset=\u00bbdefault\u00bb global_colors_info=\u00bb{}\u00bb][et_pb_text _builder_version=\u00bb4.21.0&#8243; _module_preset=\u00bbdefault\u00bb hover_enabled=\u00bb0&#8243; global_colors_info=\u00bb{}\u00bb text_orientation=\u00bbcenter\u00bb sticky_enabled=\u00bb0&#8243;]<\/p>\n<p>\u00abNuestro servicio de mantenimiento de rutas nacionales est\u00e1 dise\u00f1ado para garantizar la seguridad, la eficiencia y el \u00f3ptimo estado de las principales v\u00edas de transporte en el pa\u00eds. Nos comprometemos a mantener las carreteras nacionales en condiciones \u00f3ptimas para el tr\u00e1fico vehicular, ofreciendo una experiencia de conducci\u00f3n segura y c\u00f3moda para los usuarios.<\/p>\n<p>Nuestro equipo de profesionales altamente capacitados se encarga de realizar un mantenimiento integral de las rutas nacionales, llevando a cabo actividades de inspecci\u00f3n, limpieza, reparaci\u00f3n y conservaci\u00f3n en cada tramo. Nuestro objetivo es maximizar la vida \u00fatil de las carreteras, minimizando los riesgos y optimizando la infraestructura vial.<\/p>\n<p>Algunas de las actividades que realizamos como parte de nuestro servicio de mantenimiento de rutas nacionales incluyen:<\/p>\n<p>Inspecci\u00f3n regular: Realizamos inspecciones peri\u00f3dicas para identificar y evaluar cualquier tipo de da\u00f1o, desgaste o deterioro en las carreteras. Estas inspecciones nos permiten detectar problemas potenciales y tomar medidas preventivas o correctivas de manera oportuna.<\/p>\n<p>Reparaciones y parches: Nos encargamos de reparar los baches, grietas u otros da\u00f1os en la superficie de las carreteras. Utilizamos t\u00e9cnicas y materiales adecuados para garantizar una reparaci\u00f3n duradera y de calidad, asegurando una superficie de conducci\u00f3n uniforme y sin peligros.<\/p>\n<p>Mantenimiento de se\u00f1alizaci\u00f3n vial: Nos aseguramos de que la se\u00f1alizaci\u00f3n vial est\u00e9 claramente visible y en buen estado. Reemplazamos las se\u00f1ales da\u00f1adas o desgastadas, pintamos las l\u00edneas de carril y marcas viales, y mantenemos la visibilidad de los letreros y se\u00f1ales de tr\u00e1fico.<\/p>\n<p>Limpieza y despeje de obst\u00e1culos: Nos ocupamos de limpiar y despejar las carreteras de desechos, escombros y cualquier otro tipo de obst\u00e1culo que pueda afectar la seguridad vial. Mantenemos los arcenes y las \u00e1reas adyacentes libres de vegetaci\u00f3n excesiva, garantizando una visibilidad adecuada y minimizando los riesgos.<\/p>\n<p>Gesti\u00f3n de drenaje: Realizamos un mantenimiento regular de los sistemas de drenaje para prevenir inundaciones y asegurar un drenaje eficiente de las aguas pluviales. Limpiamos y despejamos los desag\u00fces y alcantarillas, garantizando un buen flujo de agua y evitando problemas de erosi\u00f3n o da\u00f1os en la estructura vial.<\/p>\n<p>Nuestro compromiso es mantener las rutas nacionales en condiciones \u00f3ptimas, brindando una infraestructura vial confiable y segura para todos los usuarios. Trabajamos de manera eficiente y profesional para minimizar las interrupciones y garantizar una experiencia de conducci\u00f3n fluida.<\/p>\n<p>Conf\u00eda en nuestro equipo para el mantenimiento de las rutas nacionales. Estamos comprometidos con la excelencia y la calidad en cada proyecto que emprendemos, buscando constantemente mejorar la infraestructura vial del pa\u00eds.\u00bb<\/p>\n<p>[\/et_pb_text][\/et_pb_column][\/et_pb_row][et_pb_row _builder_version=\u00bb4.20.2&#8243; _module_preset=\u00bbdefault\u00bb global_colors_info=\u00bb{}\u00bb][et_pb_column type=\u00bb4_4&#8243; _builder_version=\u00bb4.20.2&#8243; _module_preset=\u00bbdefault\u00bb global_colors_info=\u00bb{}\u00bb][et_pb_gallery gallery_ids=\u00bb71375,7493,7489&#8243; posts_number=\u00bb12&#8243; show_title_and_caption=\u00bboff\u00bb show_pagination=\u00bboff\u00bb zoom_icon_color=\u00bb#FFFFFF\u00bb hover_overlay_color=\u00bbrgba(124,218,36,0.52)\u00bb hover_icon=\u00bb&#xf00e;||fa||900&#8243; _builder_version=\u00bb4.21.0&#8243; _module_preset=\u00bbdefault\u00bb hover_enabled=\u00bb0&#8243; border_radii=\u00bbon|5px|5px|5px|5px\u00bb box_shadow_style_image=\u00bbpreset3&#8243; global_colors_info=\u00bb{}\u00bb sticky_enabled=\u00bb0&#8243;][\/et_pb_gallery][\/et_pb_column][\/et_pb_row][\/et_pb_section]<\/p>\n","protected":false},"excerpt":{"rendered":"<p>Mantenimiento de rutas nacionales<div class=\"et_pb_module dipl_breadcrumb dipl_breadcrumb_0\">\n\t\t\t\t\n\t\t\t\t\n\t\t\t\t\n\t\t\t\t\n\t\t\t\t\n\t\t\t\t\n\t\t\t\t<div class=\"et_pb_module_inner\">\n\t\t\t\t\t<div class=\"dipl-breadcrumb-wrapper layout2\">\n\t\t\t\t<ol class=\"dipl-breadcrumb-inner\" vocab=\"https:\/\/schema.org\/\" typeof=\"BreadcrumbList\">\n\t\t\t\t\t<li property=\"itemListElement\" typeof=\"ListItem\" data-icon=\"&#x24;\">\n\t\t\t\t\t\t\t\t<a class=\"breadcrumb-item dipl-home-page\" href=\"https:\/\/www.servicioecoambiente.com\" property=\"item\" typeof=\"WebPage\" >\n\t\t\t\t\t\t\t\t\t<span class=\"breadcrumb-page\" property=\"name\">Inicio<\/span>\n\t\t\t\t\t\t\t\t<\/a>\n\t\t\t\t\t\t\t\t<meta property=\"position\" content=\"1\" \/>\n\t\t\t\t\t\t\t<\/li>\n\t\t\t\t<\/ol>\n\t\t\t<\/div>\n\t\t\t\t<\/div>\n\t\t\t<\/div>\u00abNuestro servicio de mantenimiento de rutas nacionales est\u00e1 dise\u00f1ado para garantizar la seguridad, la eficiencia y el \u00f3ptimo estado de las principales v\u00edas de transporte en el pa\u00eds. Nos comprometemos a mantener las carreteras nacionales en condiciones \u00f3ptimas para el tr\u00e1fico [&hellip;]<\/p>\n","protected":false},"author":2,"featured_media":0,"parent":0,"menu_order":0,"comment_status":"closed","ping_status":"closed","template":"","meta":{"_et_pb_use_builder":"on","_et_pb_old_content":"<!-- wp:divi\/placeholder \/-->","_et_gb_content_width":"","footnotes":""},"class_list":["post-71408","page","type-page","status-publish","hentry"],"_links":{"self":[{"href":"https:\/\/www.servicioecoambiente.com\/index.php?rest_route=\/wp\/v2\/pages\/71408","targetHints":{"allow":["GET"]}}],"collection":[{"href":"https:\/\/www.servicioecoambiente.com\/index.php?rest_route=\/wp\/v2\/pages"}],"about":[{"href":"https:\/\/www.servicioecoambiente.com\/index.php?rest_route=\/wp\/v2\/types\/page"}],"author":[{"embeddable":true,"href":"https:\/\/www.servicioecoambiente.com\/index.php?rest_route=\/wp\/v2\/users\/2"}],"replies":[{"embeddable":true,"href":"https:\/\/www.servicioecoambiente.com\/index.php?rest_route=%2Fwp%2Fv2%2Fcomments&post=71408"}],"version-history":[{"count":4,"href":"https:\/\/www.servicioecoambiente.com\/index.php?rest_route=\/wp\/v2\/pages\/71408\/revisions"}],"predecessor-version":[{"id":71488,"href":"https:\/\/www.servicioecoambiente.com\/index.php?rest_route=\/wp\/v2\/pages\/71408\/revisions\/71488"}],"wp:attachment":[{"href":"https:\/\/www.servicioecoambiente.com\/index.php?rest_route=%2Fwp%2Fv2%2Fmedia&parent=71408"}],"curies":[{"name":"wp","href":"https:\/\/api.w.org\/{rel}","templated":true}]}}